at is the thousands digit of 268854?
8
What is the hundred thousands digit of 10035969?
0
What is the hundreds digit of 207124?
1
What is the hundred thousands digit of 23996972?
9
What is the tens digit of 17696202?
0
What is the hundreds digit of 4418383?
3
What is the ten millions digit of 19796069?
1
What is the ten millions digit of 24205623?
2
What is the units digit of 1810896?
6
What is the tens digit of 14314383?
8
What is the tens digit of 591384?
8
What is the tens digit of 927332?
3
What is the units digit of 150173?
3
What is the thousands digit of 189121?
9
What is the millions digit of 39648350?
9
What is the hundreds digit of 18317812?
8
What is the hundreds digit of 263427?
4
What is the tens digit of 604511?
1
What is the thousands digit of 108132?
8
What is the thousands digit of 17854136?
4
What is the tens digit of 3964930?
3
What is the thousands digit of 272716?
2
What is the ten thousands digit of 1423105?
2
What is the units digit of 3475811?
1
What is the hundreds digit of 2173?
1
What is the ten thousands digit of 940190?
4
What is the thousands digit of 750177?
0
What is the ten thousands digit of 5471016?
7
What is the millions digit of 6766111?
6
What is the hundred thousands digit of 542029?
5
What is the ten thousands digit of 16318138?
1
What is the units digit of 910804?
4
What is the tens digit of 1180832?
3
What is the tens digit of 2779471?
7
What is the ten thousands digit of 835410?
3
What is the units digit of 15822352?
2
What is the units digit of 1875047?
7
What is the tens digit of 1345634?
3
What is the hundreds digit of 162983?
9
What is the hundred thousands digit of 9669627?
6
What is the hundreds digit of 251077?
0
What is the millions digit of 22393431?
2
What is the thousands digit of 20746482?
6
What is the ten thousands digit of 869782?
6
What is the thousands digit of 146926?
6
What is the units digit of 1218785?
5
What is the ten thousands digit of 105264?
0
What is the ten thousands digit of 12393737?
9
What is the millions digit of 1115742?
1
What is the ten thousands digit of 487390?
8
What is the tens digit of 3119214?
1
What is the ten thousands digit of 8995473?
9
What is the ten thousands digit of 236017?
3
What is the thousands digit of 21943?
1
What is the hundreds digit of 1806376?
3
What is the tens digit of 204755?
5
What is the hundred thousands digit of 4200870?
2
What is the tens digit of 1562786?
8
What is the ten thousands digit of 70360?
7
What is the ten thousands digit of 3801324?
0
What is the thousands digit of 398043?
8
What is the ten thousands digit of 153779?
5
What is the millions digit of 3857304?
3
What is the millions digit of 2360507?
2
What is the hundred thousands digit of 3495698?
4
What is the tens digit of 57997?
9
What is the hundreds digit of 487858?
8
What is the hundreds digit of 5516985?
9
What is the units digit of 8436967?
7
What is the millions digit of 22516466?
2
What is the hundreds digit of 222220?
2
What is the thousands digit of 1064828?
4
What is the ten thousands digit of 72131?
7
What is the units digit of 2211?
1
What is the hundred thousands digit of 1569495?
5
What is the units digit of 239276?
6
What is the ten millions digit of 13813660?
1
What is the ten millions digit of 14817517?
1
What is the tens digit of 672137?
3
What is the hundred thousands digit of 627873?
6
What is the thousands digit of 4466949?
6
What is the thousands digit of 2437728?
7
What is the hundreds digit of 278853?
8
What is the thousands digit of 197280?
7
What is the units digit of 3299700?
0
What is the thousands digit of 19261943?
1
What is the ten thousands digit of 914242?
1
What is the hundred thousands digit of 201209?
2
What is the thousands digit of 5238939?
8
What is the ten thousands digit of 439114?
3
What is the tens digit of 43597?
9
What is the ten thousands digit of 782457?
8
What is the ten thousands digit of 4082100?
8
What is the thousands digit of 1228040?
8
What is the hundred thousands digit of 269672?
2
What is the tens digit of 9358494?
9
What is the thousands digit of 741697?
1
What is the ten millions digit of 27114258?
2
What is the ten thousands digit of 1793335?
9
What is the units digit of 6999775?
5
What is the ten thousands digit of 58080?
5
What is the tens digit of 1508153?
5
What is the tens digit of 7404820?
2
What is the ten millions digit of 16981854?
1
What is the millions digit of 3855437?
3
What is the hundred thousands digit of 368375?
3
What is the thousands digit of 594011?
4
What is the hundreds digit of 8259287?
2
What is the hundreds digit of 483275?
2
What is the tens digit of 1417035?
3
What is the hundreds digit of 271639?
6
What is the hundreds digit of 1793455?
4
What is the tens digit of 1076771?
7
What is the ten thousands digit of 13521701?
2
What is the hundreds digit of 2004577?
5
What is the hundred thousands digit of 703200?
7
What is the tens digit of 452359?
5
What is the units digit of 21022272?
2
What is the tens digit of 6767283?
8
What is the millions digit of 3397410?
3
What is the hundreds digit of 3552300?
3
What is the hundreds digit of 930188?
1
What is the ten thousands digit of 396789?
9
What is the thousands digit of 38602?
8
What is the thousands digit of 462108?
2
What is the thousands digit of 7824717?
4
What is the thousands digit of 1438488?
8
What is the ten thousands digit of 903766?
0
What is the units digit of 972177?
7
What is the hundreds digit of 1281653?
6
What is the hundreds digit of 1013085?
0
What is the ten thousands digit of 5631874?
3
What is the ten thousands digit of 7667927?
6
What is the ten thousands digit of 12330826?
3
What is the hundreds digit of 331422?
4
What is the millions digit of 1138443?
1
What is the thousands digit of 861745?
1
What is the hundred thousands digit of 291485?
2
What is the hundreds digit of 338593?
5
What is the ten thousands digit of 1528109?
2
What is the ten thousands digit of 343794?
4
What is the units digit of 1764940?
0
What is the millions digit of 1670071?
1
What is the thousands digit of 13650?
3
What is the hundred thousands digit of 15932215?
9
What is the hundreds digit of 58681?
6
What is the millions digit of 3828595?
3
What is the units digit of 5286787?
7
What is the tens digit of 286063?
6
What is the millions digit of 9015086?
9
What is the hundreds digit of 348149?
1
What is the tens digit of 13122516?
1
What is the hundred thousands digit of 1788479?
7
What is the units digit of 834611?
1
What is the hundreds digit of 1905194?
1
What is the hundreds digit of 4366275?
2
What is the millions digit of 3214360?
3
What is the units digit of 552090?
0
What is the hundreds digit of 190379?
3
What is the hundreds digit of 3092192?
1
What is the thousands digit of 1013113?
3
What is the hundred thousands digit of 793417?
7
What is the hundred thousands digit of 2391618?
3
What is the tens digit of 5455817?
1
What is the ten thousands digit of 112579?
1
What is the hundreds digit of 71578?
5
What is the tens digit of 2150305?
0
What is the thousands digit of 192162?
2
What is the hundred thousands digit of 4341012?
3
What is the hundreds digit of 257606?
6
What is the thousands digit of 1020879?
0
What is the hundreds digit of 362588?
5
What is the tens digit of 2564709?
0
What is the tens digit of 956097?
9
What is the hundred thousands digit of 3408439?
4
What is the millions digit of 12820256?
2
What is the hundred thousands digit of 14361361?
3
What is the ten thousands digit of 32148787?
4
What is the thousands digit of 948385?
8
What is the ten thousands digit of 485250?
8
What is the units digit of 1365820?
0
What is the thousands digit of 9071960?
1
What is the units digit of 21297537?
7
What is the millions digit of 4462397?
4
What is the tens digit of 11644666?
6
What is the hundreds digit of 325724?
7
What is the thousands digit of 26347?
6
What is the hundred thousands digit of 430329?
4
What is the ten thousands digit of 215991?
1
What is the units digit of 359714?
4
What is the units digit of 60197?
7
What is the ten millions digit of 16026203?
1
What is the units digit of 47132?
2
What is the tens digit of 107293?
9
What is the ten thousands digit of 861054?
6
What is the hundreds digit of 45279?
2
What is